e a + 291 = 3*v + 65, q*a = -3*v + 251. Suppose -103 - v = -6*b. What is the units digit of b?
0
Let d(q) = -1560*q - 18. Let y be d(-1). Suppose u + 5*u = y. What is the tens digit of u?
5
Let q(y) = -y**3 + 11*y**2 + 12*y + 11. Let r(k) = k**3 - 21*k**2 - 23*k + 32. Let n be r(22). What is the tens digit of q(n)?
3
What is the hundreds digit of 6 + -7 + -8 + 11205 + -13?
1
Let c(j) = -2*j + 6. Let g be c(-5). Suppose 0 = -5*z + 2*l - 14, 4*z - 4*l - g = 5*z. Let s = 17 + z. What is the tens digit of s?
1
Suppose 3*s + 37 = x, 0 = x + 3*s - 4*s - 31. Suppose 3*g = -14 + 14. Let o = x + g. What is the units digit of o?
8
Suppose 12210 = 21*o - 16*o. What is the hundreds digit of o?
4
Let n be (-4 - (-606)/(-18))/(2/6). Let f = n + 229. What is the units digit of f?
6
Let b be 11*(2 - 4 - -1)/(-1). Let j(u) = 44*u + 1. What is the units digit of j(b)?
5
Suppose 4*t = 4*z + 48, 6*t - 3*t + 4*z = 43. Suppose -5*y + 902 = 6*c, -t*y - 464 = -3*c - 9*y. What is the units digit of c?
2
Let p(w) = 15*w**2 - w - 2. Let b be p(-2). Suppose b - 62 = -a. Suppose h - a*h = -124. What is the tens digit of h?
2
Let t be (-2 + -4)*4/(-8). Suppose 3*c - t*v - 2901 = 0, -9*c + 2*v - 4856 = -14*c. What is the tens digit of c?
7
Let l(i) = 99*i**3 - 4*i**2 + 5*i - 2. Let s be (-4)/2 - 4 - (-2 - 6). What is the hundreds digit of l(s)?
7
What is the hundreds digit of 1228/(-6)*(55 - 115)?
2
Suppose 0*n = 2*s - 4*n - 22, 5*s + 3*n - 81 = 0. Let r be (8 - 7)/(3*3/45). Suppose 5*i - s = 0, -x + 2*x + r*i = 128. What is the hundreds digit of x?
1
Suppose 7*y - 939 = 223. Let d = y - 63. What is the units digit of d?
3
Let k = -36 - -33. Let o be (1 - 0/k)*(3 - 0). Suppose -2*i + w + 169 = 0, o*i - i - 154 = -2*w. What is the tens digit of i?
8
Let r = 531 + -904. Let q = 513 + r. What is the tens digit of q?
4
Suppose -2075 - 145 = -k. Let u = k + -1390. What is the tens digit of u?
3
Suppose 3*g - 3*c - 33792 = 0, g - 3*c - 22534 = -g. What is the units digit of g?
8
Let t(g) be the third derivative of 5*g**4/12 + 10*g**3/3 + 22*g**2. Let s be t(-3). Let i(f) = -7*f - 18. What is the units digit of i(s)?
2
Let s(r) = 24*r + 16. Let z be s(4). Suppose 519 = 2*k + 3*d - z, d = 5. Let j = k - 210. What is the tens digit of j?
9
Let q = -645 + 2945. Suppose 13*t - 17*t = -q. What is the hundreds digit of t?
5
What is the thousands digit of (-4)/2 - (-12)/5 - (-12101540)/275?
4
Let v = -17 - -35. Suppose -19*y - 8 = -v*y. Let i(l) = -5*l - 4. What is the tens digit of i(y)?
3
Suppose t - 5*y - 2 = -11, -y = 0. What is the units digit of (284/213)/(-1*1/t)?
2
Let g = -7820 + 36879. What is the units digit of g?
9
Let z(d) be the second derivative of d**4/6 - 2*d**3/3 + 61*d**2/2 + 2*d - 2. What is the tens digit of z(11)?
5
Suppose 15*v + 28*v - 225551 - 220316 = 0. What is the ten thousands digit of v?
1
Suppose 2*b + 10 = 0, 3*u + 42*b - 41*b - 7786 = 0. What is the tens digit of u?
9
Let l be ((-10)/(-15)*-3)/((-2)/19). Suppose -4*k = a - l, -a - 2*a + 3*k = 18. What is the units digit of a/((9/24*4)/(-93))?
2
Let f = 40872 + -29146. What is the tens digit of f?
2
Suppose b + 56*u = 52*u + 16560, 3*b + 5*u - 49680 = 0. What is the ten thousands digit of b?
1
Let j(t) = t**3 - 10*t**2 + 12*t - 24. Let v be j(9). Suppose -5*y = 0, -v*u = -0*y - 2*y - 729. What is the hundreds digit of u?
2
Let z = -100 - -102. Suppose 0 = 2*l - z*m - 112, 9*m - 4*m - 62 = -l. What is the units digit of l?
7
Let a = 19 - 15. Suppose 4*v + a*q + q = 592, 3*v = -4*q + 445. Let c = v + -32. What is the tens digit of c?
1
Let g be (-1526)/8 + 9/72*-2. Let k = 854 + g. What is the tens digit of k?
6
Let b(t) = -t**3 + 7*t**2 - 1. Let a be b(7). Let h be -2 + -3*50/a. Let r = -65 + h. What is the tens digit of r?
8
Suppose 34303 = 4*d - 73197. What is the ten thousands digit of d?
2
Let l(w) = 3*w**2 + 10*w + 42. Let m be l(12). Let a = m - 291. What is the hundreds digit of a?
3
Let k(u) = -14*u + 88. Let a be k(6). What is the hundreds digit of -5 + -3 + (2 - a) + 113?
1
What is the thousands digit of (21/(-35))/((-3)/26715)?
5
Let o = 2308 + 4151. What is the units digit of o?
9
Let w be (-176)/(-30) + (-2)/(-15). Suppose 13*y = w*y + 3619. What is the hundreds digit of y?
5
Suppose -90*b = -85*b + 20. What is the hundreds digit of ((-5560)/(-15))/((-6)/36*b)?
5
Let g = -37 + -4. Let p = -8 - g. Suppose -4*a + 2*i - p = -103, -5*a + 4*i + 86 = 0. What is the tens digit of a?
1
What is the units digit of (12*59683/(-26))/(-2)?
3
Let u(k) = -k**3 - 130*k**2 + 1368*k + 4. What is the hundreds digit of u(9)?
0
Suppose r = -u - 12, r = -u + 3*u + 9. Let s(t) = t**2 - t - 4. Let z be s(u). What is the units digit of (-1 - z)*(-5 - -4)?
3
Let q be 777/14 + (-3)/2. Suppose -q = -5*k - 34. Suppose -4*r = k*d - 560, -4*r + 515 = -d - 4*d. What is the tens digit of r?
3
Suppose -2*k + 9*k = 42. Suppose -k*h + 1345 = -3473. Suppose 3*t + 2*j - h = 0, -5*j + 1340 = 2*t + 3*t. What is the units digit of t?
7
Suppose 3403310 - 57254 = 189*r. What is the tens digit of r?
0
Let s be 1/(-4 + 13/3). Let w be ((-6)/s)/(4/30). What is the tens digit of (-3)/(w/361) - 1/5?
7
Suppose 5*s - 5*m - 100 = 0, 52 = 4*s + m + 2*m. Suppose 454 = 17*i - s*i. What is the units digit of i?
4
What is the hundreds digit of 6 - (2/(-3) - (-7)/(-42)*95036)?
8
Let v(h) = h. Let q(g) = -2*g - 2. Let c(f) = -3*q(f) - 12*v(f). Let z be c(-3). Let m = 60 - z. What is the units digit of m?
6
Suppose -3*k + 7*k + 6 = 2*g, 0 = -4*g + k + 19. Suppose 0 = -9*m + g*m + 22500. What is the tens digit of 8/(-5)*(m/(-10))/5?
8
What is the units digit of (-12)/(-22) - (3 - 65818)*682/605?
2
Suppose -4315219 - 3301233 = -419*q + 2784804. What is the hundreds digit of q?
8
Let c(j) = -7*j - 31. Let n be c(-5). Suppose -2*b = n*u - 392, -4*b + 745 = -3*u - 2*u. What is the units digit of b?
0
Let f = -846 - -712. Let s be 4*269/8*2. Let j = f + s. What is the tens digit of j?
3
Let i = -318 + -30. What is the units digit of 18 + -12 + (0 - i)?
4
Let o = -14622 + 24611. What is the hundreds digit of o?
9
Suppose -232 = -2*a + 3*u, -3*u - 585 = -5*a + 2*u. Suppose a*d - 114*d - 970 = 0. What is the units digit of d?
4
Let s = -687 - -479. Let c = s + 298. What is the units digit of c?
0
Let o(w) = -w**2 + 8*w + 50. Let t be o(-4). Suppose -t*x = -0*x - 148. What is the tens digit of x?
7
Let p(a) = 16*a**2 + 63*a + 46. What is the tens digit of p(-26)?
2
Suppose -2*y + 22 = 22. Suppose -3*c = -9 - y. What is the tens digit of 24 - (2*4/(-8) + c)?
2
Suppose 16*x + 185 = 233. Let t = 12 + -5. Suppose -x*f - 312 = -t*f. What is the tens digit of f?
7
What is the tens digit of 183939/5 - 18/(-1170)*13?
8
Let d be (0 - 2/(-5))*10. Suppose 154 = d*s + 602. Let f = 194 + s. What is the tens digit of f?
8
Let q = 663 - -1747. What is the tens digit of q?
1
Let a(m) = 179*m**2 + 41*m + 90. What is the units digit of a(-9)?
0
Let h = 7311 + 3972. What is the ten thousands digit of h?
1
Let l = 311 - 291. Suppose l*a + 0*a - 16740 = 0. What is the units digit of a?
7
Suppose -4 = -5*d + 21, -3*o + 3*d = -18. Suppose -o*q + 47 = -404. Let b = q + -21. What is the tens digit of b?
2
Suppose 125 = 5*c + 20. Let j = c + -18. Suppose 4*w - j*t = 37, 5*t + 4 = 5*w - 36. What is the tens digit of w?
1
Let p(i) = -21*i - 7 - 22*i + 26*i - 3*i**2. Let v(m) = m**3 + 11*m**2 - 13*m - 17. Let j be v(-12). What is the units digit of p(j)?
3
Let q be (-1)/4 + 357/84. Let a(o) = 0*o + 4 - 1 + 9*o - q. What is the tens digit of a(2)?
1
What is the thousands digit of 10/(-1) - 2124/(-177) - 1*-1814?
1
Let c(f) = 27*f**3 - 4*f**2 + f + 5. Let q be c(-3). Let m = -384 - q. What is the hundreds digit of m?
3
Let v(i) be the second derivative of i**4/3 + 39*i**2/2 - 2*i - 8. What is the units digit of v(7)?
5
Suppose 5*c - 5 = 0, 5*g + 360*c - 234572 = 363*c. What is the ten thousands digit of g?
4
Suppose 0 = -33*q + 1036500 + 265350. What is the thousands digit of q?
9
Let g(l) = -l**2 - 2*l - 186. Let t be g(0). Let a be t - (4/1 - (-1)/(-1)). Let s = -75 - a. What is the units digit of s?
4
Suppose -2*t = 5*c + 1 - 7, -5*c - 6 = -2*t. Suppose -5*q - 26 = -6, -5*g - q + 3546 = c. What is the tens digit of g?
1
Suppose 5*k = 3*b - 14416, 13*k - 2*b - 5760 = 15*k. Let y = -986